{"id":16,"date":"2010-12-22T20:24:18","date_gmt":"2010-12-22T19:24:18","guid":{"rendered":"http:\/\/www.eurovita-feinkost.de\/?page_id=16"},"modified":"2021-07-20T12:40:38","modified_gmt":"2021-07-20T10:40:38","slug":"mitarbeiter","status":"publish","type":"page","link":"https:\/\/www.eurovita-feinkost.de\/index.php\/mitarbeiter\/","title":{"rendered":"Mitarbeiter"},"content":{"rendered":"<p><strong>Der Chef<\/strong><\/p>\n<p><img loading=\"lazy\" decoding=\"async\" class=\"alignright size-full wp-image-41\" style=\"margin-left: 10px;\" title=\"Fikret Kara\" src=\"http:\/\/eurovita-feinkost.de\/wp-content\/uploads\/fikret-1.jpg\" alt=\"Fikret Kara\" width=\"240\" height=\"313\"><br \/>\nHallo, mein Name ist Fikret Kara &#8211; unter den Italienern auch Fiko genannt. Ich bin 1966 in Sivas\/Kangal, einem kleinen Dorf in der T\u00fcrkei geboren.<br \/>\nBis zur vierten Klasse habe ich dort die Grundschule besucht. Dann kamen wir nach Deutschland und ich ging zur Realschule in der Kellinghusenstra\u00dfe. Anschlie\u00dfend beendete ich meine Ausbildung zum Koch an der Berufsschule.<br \/>\nIch habe schon in verschiedenen Restaurants gearbeitet, unter anderem im La Vite und bei Feinkost Lario in Blankenese. 1996 habe ich mich mit unserem Eurovita selbst\u00e4ndig gemacht.<\/p>\n<p>Fr\u00fcher konnte man mit wenig Geld noch viel einkaufen, doch mittlerweile hat sich dies ge\u00e4ndert. Heute kaufen auch wir schon teuer ein und m\u00fcssen trotzdem versuchen, ein bisschen zu verdienen. Wir sind zwar heute professionell aber verdienen trotzdem wenig Geld, weil auch kleine Betriebe sehr auf die Qualit\u00e4t achten.<br \/>\nMeine Familie, meine Kinder, der Weltfrieden und Gesundheit sind f\u00fcr mich das Wichtigste.<br \/>\nWenn ich k\u00f6nnte, w\u00fcrde ich Fu\u00dfballtrainer vom FC Bayern M\u00fcnchen werden und um die Welt reisen.<br \/>\nZu meinen Lieblingsfischen geh\u00f6rt der Zackenbarsch.<\/p>\n<p style=\"text-align: center;\"><img loading=\"lazy\" decoding=\"async\" class=\"aligncenter wp-image-119 size-full\" title=\"Unsere Espresso-Maschine\" src=\"https:\/\/www.eurovita-feinkost.de\/wp-content\/uploads\/DSC_0141-640x150.jpg\" alt=\"Unsere Espresso-Maschine\" width=\"640\" height=\"150\"><\/p>\n","protected":false},"excerpt":{"rendered":"<p>Der Chef Hallo, mein Name ist Fikret Kara &#8211; unter den Italienern auch Fiko genannt. Ich bin 1966 in Sivas\/Kangal, einem kleinen Dorf in der T\u00fcrkei geboren. Bis zur vierten Klasse habe ich dort die Grundschule besucht. Dann kamen wir nach Deutschland und ich ging <span class=\"ellipsis\">&hellip;<\/span> <span class=\"more-link-wrap\"><a href=\"https:\/\/www.eurovita-feinkost.de\/index.php\/mitarbeiter\/\" class=\"more-link\"><span>Read More<\/span><\/a><\/span><\/p>\n","protected":false},"author":2,"featured_media":0,"parent":0,"menu_order":80,"comment_status":"closed","ping_status":"closed","template":"","meta":{"footnotes":""},"class_list":["post-16","page","type-page","status-publish","hentry"],"_links":{"self":[{"href":"https:\/\/www.eurovita-feinkost.de\/index.php\/wp-json\/wp\/v2\/pages\/16","targetHints":{"allow":["GET"]}}],"collection":[{"href":"https:\/\/www.eurovita-feinkost.de\/index.php\/wp-json\/wp\/v2\/pages"}],"about":[{"href":"https:\/\/www.eurovita-feinkost.de\/index.php\/wp-json\/wp\/v2\/types\/page"}],"author":[{"embeddable":true,"href":"https:\/\/www.eurovita-feinkost.de\/index.php\/wp-json\/wp\/v2\/users\/2"}],"replies":[{"embeddable":true,"href":"https:\/\/www.eurovita-feinkost.de\/index.php\/wp-json\/wp\/v2\/comments?post=16"}],"version-history":[{"count":38,"href":"https:\/\/www.eurovita-feinkost.de\/index.php\/wp-json\/wp\/v2\/pages\/16\/revisions"}],"predecessor-version":[{"id":295,"href":"https:\/\/www.eurovita-feinkost.de\/index.php\/wp-json\/wp\/v2\/pages\/16\/revisions\/295"}],"wp:attachment":[{"href":"https:\/\/www.eurovita-feinkost.de\/index.php\/wp-json\/wp\/v2\/media?parent=16"}],"curies":[{"name":"wp","href":"https:\/\/api.w.org\/{rel}","templated":true}]}}

<p><strong>Der Chef</strong></p>
<p><img loading="lazy" decoding="async" class="alignright size-full wp-image-41" style="margin-left: 10px;" title="Fikret Kara" src="http://eurovita-feinkost.de/wp-content/uploads/fikret-1.jpg" alt="Fikret Kara" width="240" height="313"><br />
Hallo, mein Name ist Fikret Kara &#8211; unter den Italienern auch Fiko genannt. Ich bin 1966 in Sivas/Kangal, einem kleinen Dorf in der Türkei geboren.<br />
Bis zur vierten Klasse habe ich dort die Grundschule besucht. Dann kamen wir nach Deutschland und ich ging zur Realschule in der Kellinghusenstraße. Anschließend beendete ich meine Ausbildung zum Koch an der Berufsschule.<br />
Ich habe schon in verschiedenen Restaurants gearbeitet, unter anderem im La Vite und bei Feinkost Lario in Blankenese. 1996 habe ich mich mit unserem Eurovita selbständig gemacht.</p>
<p>Früher konnte man mit wenig Geld noch viel einkaufen, doch mittlerweile hat sich dies geändert. Heute kaufen auch wir schon teuer ein und müssen trotzdem versuchen, ein bisschen zu verdienen. Wir sind zwar heute professionell aber verdienen trotzdem wenig Geld, weil auch kleine Betriebe sehr auf die Qualität achten.<br />
Meine Familie, meine Kinder, der Weltfrieden und Gesundheit sind für mich das Wichtigste.<br />
Wenn ich könnte, würde ich Fußballtrainer vom FC Bayern München werden und um die Welt reisen.<br />
Zu meinen Lieblingsfischen gehört der Zackenbarsch.</p>
<p style="text-align: center;"><img loading="lazy" decoding="async" class="aligncenter wp-image-119 size-full" title="Unsere Espresso-Maschine" src="https://www.eurovita-feinkost.de/wp-content/uploads/DSC_0141-640x150.jpg" alt="Unsere Espresso-Maschine" width="640" height="150"></p>

<p>Der Chef Hallo, mein Name ist Fikret Kara &#8211; unter den Italienern auch Fiko genannt. Ich bin 1966 in Sivas/Kangal, einem kleinen Dorf in der Türkei geboren. Bis zur vierten Klasse habe ich dort die Grundschule besucht. Dann kamen wir nach Deutschland und ich ging <span class="ellipsis">&hellip;</span> <span class="more-link-wrap"><a href="https://www.eurovita-feinkost.de/index.php/mitarbeiter/" class="more-link"><span>Read More</span></a></span></p>
